135?
45
What is the greatest common divisor of 405 and 749880?
45
What is the greatest common factor of 30150 and 35622?
18
What is the greatest common factor of 172 and 115118998?
86
Calculate the greatest common factor of 31940040 and 33.
33
Calculate the highest common divisor of 39679008 and 930.
186
What is the greatest common factor of 1571 and 54832613?
1571
Calculate the highest common divisor of 797 and 515627917.
797
What is the highest common divisor of 68 and 4286074?
34
What is the highest common divisor of 2692228 and 924?
308
Calculate the greatest common divisor of 152 and 676168656.
152
Calculate the greatest common divisor of 76509911 and 6434.
3217
What is the greatest common divisor of 17526707 and 4601?
107
Calculate the greatest common divisor of 35 and 25618435.
5
What is the highest common divisor of 95440 and 10096?
16
What is the greatest common factor of 61575847 and 1243?
113
What is the highest common divisor of 9384 and 14808?
24
Calculate the greatest common divisor of 367465 and 38045.
35
Calculate the greatest common divisor of 6024122 and 26091.
2899
Calculate the greatest common divisor of 25 and 141302.
1
What is the greatest common divisor of 36716 and 2996?
4
Calculate the highest common divisor of 992 and 243979610.
62
What is the greatest common factor of 6920 and 7156145?
865
Calculate the highest common divisor of 13357 and 4269319.
703
Calculate the highest common divisor of 225459 and 1175.
47
Calculate the highest common divisor of 845 and 57259241.
13
Calculate the greatest common divisor of 24627980 and 572.
52
What is the greatest common divisor of 5496 and 20219326?
458
Calculate the greatest common divisor of 1516 and 189868388.
1516
What is the highest common factor of 3746428 and 3724?
28
Calculate the greatest common divisor of 4487 and 9779.
7
What is the highest common factor of 27 and 61455429?
27
What is the greatest common factor of 118830997 and 247?
19
What is the highest common factor of 12704 and 234528?
32
What is the greatest common factor of 217009097 and 17?
17
Calculate the highest common divisor of 479982143 and 349.
349
Calculate the greatest common factor of 52538382 and 3078.
3078
What is the greatest common factor of 243 and 4403349?
27
Calculate the highest common factor of 8 and 143328656.
8
What is the greatest common divisor of 11184 and 36185133?
699
What is the highest common factor of 59678168 and 33?
11
Calculate the highest common divisor of 14220821 and 159959.
1553
Calculate the greatest common divisor of 64920030 and 840.
210
Calculate the highest common factor of 586328 and 880.
8
What is the greatest common factor of 3969 and 7873551?
189
What is the highest common factor of 6852 and 87456?
12
What is the greatest common divisor of 67 and 3973317214?
67
What is the highest common divisor of 190 and 1590?
10
Calculate the highest common factor of 34663136 and 9248.
544
What is the greatest common divisor of 110260 and 1712010?
1490
What is the highest common divisor of 29941 and 1383606?
79
Calculate the highest common factor of 799947384 and 12.
12
Calculate the greatest common divisor of 13316 and 98.
2
What is the highest common factor of 84098 and 94486?
14
Calculate the highest common factor of 13432780 and 10.
10
Calculate the greatest common factor of 1490 and 2112401310.
1490
Calculate the highest common divisor of 236 and 19508527.
59
Calculate the greatest common divisor of 31070 and 207415.
65
What is the greatest common factor of 7267334 and 8074?
734
Calculate the greatest common factor of 2170 and 837.
31
Calculate the greatest common divisor of 40535 and 71201570.
3685
What is the greatest common factor of 161325 and 44199?
27
Calculate the highest common divisor of 7215750 and 533250.
6750
Calculate the greatest common divisor of 566979 and 228114.
1653
What is the greatest common divisor of 259 and 349169?
37
What is the highest common factor of 5381959 and 95?
19
Calculate the greatest common factor of 17934228 and 162.
18
Calculate the greatest common factor of 271552866 and 10608.
1326
What is the greatest common factor of 6460758 and 162?
18
What is the highest common divisor of 984 and 104779272?
984
What is the greatest common divisor of 848 and 4440832?
16
What is the greatest common divisor of 16 and 73916944?
16
Calculate the highest common factor of 15909861 and 132.
33
What is the greatest common factor of 871012 and 3604?
68
What is the highest common divisor of 9751 and 143479?
1393
What is the greatest common divisor of 31977216 and 512?
256
Calculate the highest common factor of 834 and 316058061.
417
What is the greatest common divisor of 330 and 29843847?
33
What is the greatest common factor of 247916432 and 32?
16
What is the greatest common divisor of 4025 and 5991845?
115
What is the highest common factor of 13093358 and 33632?
2102
Calculate the greatest common divisor of 33 and 34666181.
11
Calculate the greatest common factor of 1974 and 7728774.
282
What is the greatest common divisor of 226080 and 198971595?
7065
What is the greatest common divisor of 5910478 and 26978?
574
Calculate the highest common divisor of 152 and 785376.
8
What is the highest common factor of 6356 and 455259623?
1589
Calculate the greatest common divisor of 12256980 and 603.
201
What is the highest common factor of 80794 and 140693?
1393
Calculate the greatest common divisor of 603840 and 49506000.
8880
Calculate the highest common divisor of 143494799 and 1743.
581
What is the greatest common factor of 825 and 7391274?
33
What is the highest common divisor of 1917 and 1081431?
27
What is the highest common divisor of 245124 and 19525?
11
Calculate the greatest common factor of 30783 and 6502164.
993
What is the greatest common divisor of 50794 and 363406?
218
Calculate the greatest common factor of 11800481 and 1001.
77
What is the greatest common divisor of 404 and 28644206?
202
Calculate the greatest common factor of 560 and 16744880.
80
What is the greatest common factor of 6537325 and 639?
71
Calculate the greatest common factor of 71912091 and 54162.
3009
Calculate the highest common factor of 2184133 and 8911.
469
Calculate the highest common divisor of 596594 and 726452.
1882
What is the highest common divisor of 144279 and 3733353?
153
Calculate the greatest common factor of 32097 and 119847.
39
What is the highest common factor of 1828856 and 10034?
58
Calculate the greatest common divisor of 5337178 and 6406594.
9902
What is the highest common factor of 32 and 23834544?
16
What is the highest common factor of 206 and 249576004?
206
Calculate the greatest common divisor of 34993 and 4725.
7
What is the greatest common factor of 3346713 and 72?
9
Calculate the highest common divisor of 24307995 and 45.
15
What is the greatest common factor of 288286553 and 1877?
1877
What is the highest common factor of 11685849 and 105?
21
Calculate the greatest common divisor of 786 and 205451754.
786
What is the highest common divisor of 510533 and 84079?
83
Calculate the highest common factor of 24131870 and 56.
14
What is the highest common divisor of 1367110 and 930?
10
Calculate the highest common factor of 247944 and 408.
24
Calculate the greatest common divisor of 14711 and 9917.
47
Calculate the highest common factor of 365773434 and 78.
78
Calculate the greatest common divisor of 5247962 and 717.
239
Calculate the greatest common factor of 14294 and 52909241.
7147
What is the highest common factor of 69990546 and 4941?
183
Calculate the highest common divisor of 12 and 119382825.
3
What is the greatest common factor of 1810 and 25502176?
362
What is the highest common divisor of 19359 and 80853939?
2151
What is the greatest common divisor of 4842 and 232391790?
4842
Calculate the greatest common divisor of 680 and 33160.
40
Calculate the greatest common factor of 19614540 and 339.
339
What is the greatest common factor of 186 and 80726883?
93
Calculate the highest common factor of 44 and 2408978176.
44
Calculate the highest common divisor of 26133381 and 108.
27
Calculate the highest common factor of 199576 and 25402.
26
What is the greatest common factor of 8613 and 13863276?
261
Calculate the greatest common factor of 54 and 353790.
